2 and 13.
13
Calculate the highest common divisor of 84 and 12810.
42
Calculate the highest common divisor of 261 and 18.
9
Calculate the greatest common factor of 432 and 16.
16
What is the greatest common divisor of 45 and 2745?
45
Calculate the greatest common divisor of 3 and 117.
3
What is the greatest common divisor of 71 and 7242?
71
Calculate the greatest common divisor of 7 and 2.
1
What is the highest common divisor of 12 and 176?
4
Calculate the highest common factor of 1938 and 399.
57
What is the greatest common divisor of 396 and 180?
36
What is the greatest common factor of 42 and 5229?
21
What is the greatest common divisor of 162 and 108?
54
What is the highest common factor of 15 and 51?
3
Calculate the highest common divisor of 1488 and 3.
3
Calculate the highest common divisor of 119 and 14.
7
What is the highest common factor of 160 and 440?
40
Calculate the greatest common factor of 48 and 1024.
16
Calculate the greatest common factor of 18813 and 3.
3
What is the highest common factor of 308 and 140?
28
Calculate the greatest common factor of 145 and 551.
29
What is the highest common divisor of 2844 and 395?
79
Calculate the highest common divisor of 22 and 154.
22
What is the highest common factor of 9 and 747?
9
Calculate the greatest common factor of 357 and 255.
51
Calculate the highest common divisor of 81 and 6210.
27
Calculate the greatest common divisor of 1606 and 44.
22
What is the highest common factor of 6 and 1434?
6
What is the greatest common factor of 44251 and 274?
137
What is the highest common divisor of 6 and 1002?
6
Calculate the greatest common factor of 99 and 1408.
11
Calculate the greatest common divisor of 91 and 19201.
91
Calculate the highest common factor of 11 and 23.
1
Calculate the highest common factor of 611 and 188.
47
What is the greatest common divisor of 26 and 806?
26
Calculate the greatest common divisor of 364 and 1118.
26
What is the highest common factor of 132 and 46926?
66
What is the highest common divisor of 399 and 77?
7
What is the highest common divisor of 273 and 42?
21
Calculate the greatest common factor of 1952 and 1037.
61
What is the highest common divisor of 3 and 2811?
3
What is the greatest common factor of 88 and 77?
11
What is the highest common divisor of 32 and 74?
2
Calculate the highest common factor of 65 and 75.
5
What is the greatest common factor of 184 and 6210?
46
What is the greatest common divisor of 100 and 3100?
100
What is the highest common divisor of 85 and 34?
17
Calculate the highest common factor of 11565 and 135.
45
Calculate the greatest common divisor of 826 and 112.
14
What is the greatest common factor of 949 and 208?
13
What is the greatest common divisor of 185 and 5?
5
Calculate the highest common divisor of 12 and 492.
12
Calculate the greatest common divisor of 22 and 209.
11
Calculate the highest common divisor of 92 and 736.
92
What is the highest common divisor of 73 and 2117?
73
What is the highest common factor of 49 and 133?
7
Calculate the highest common factor of 231 and 483.
21
What is the greatest common factor of 710 and 5041?
71
Calculate the greatest common factor of 98 and 1295.
7
Calculate the highest common divisor of 25 and 375.
25
What is the highest common factor of 120 and 24?
24
What is the highest common divisor of 675 and 54?
27
What is the highest common divisor of 5278 and 28?
14
What is the greatest common divisor of 216 and 184?
8
What is the greatest common divisor of 4 and 27?
1
Calculate the greatest common divisor of 101 and 2.
1
What is the greatest common factor of 2941 and 34?
17
Calculate the highest common divisor of 3399 and 33.
33
Calculate the greatest common divisor of 672 and 210.
42
What is the highest common factor of 36 and 8?
4
Calculate the highest common factor of 1786 and 47.
47
What is the greatest common factor of 1 and 13?
1
What is the greatest common divisor of 672 and 96?
96
Calculate the highest common factor of 6 and 16.
2
What is the greatest common factor of 2761 and 11?
11
What is the greatest common factor of 42504 and 138?
138
Calculate the greatest common factor of 391 and 68.
17
Calculate the highest common divisor of 416 and 3692.
52
What is the highest common divisor of 1372 and 28?
28
What is the highest common factor of 1400 and 24?
8
Calculate the greatest common factor of 245 and 6965.
35
Calculate the greatest common factor of 8679 and 198.
33
What is the greatest common factor of 1345 and 5?
5
Calculate the greatest common divisor of 177 and 6.
3
What is the highest common divisor of 7 and 1617?
7
Calculate the highest common divisor of 884 and 52.
52
Calculate the greatest common factor of 145 and 609.
29
What is the highest common factor of 91 and 689?
13
What is the highest common factor of 184 and 40?
8
What is the highest common divisor of 115 and 230?
115
Calculate the highest common divisor of 15848 and 28.
28
Calculate the highest common factor of 327 and 3.
3
Calculate the highest common divisor of 258 and 2193.
129
Calculate the highest common factor of 774 and 9.
9
What is the greatest common divisor of 405 and 315?
45
Calculate the highest common divisor of 212 and 30.
2
What is the greatest common factor of 11 and 990?
11
What is the highest common divisor of 132 and 1386?
66
What is the greatest common factor of 29410 and 170?
170
What is the greatest common divisor of 847 and 154?
77
Calculate the highest common divisor of 78 and 741.
39
Calculate the highest common factor of 58 and 319.
29
What is the highest common factor of 1805 and 38?
19
What is the highest common factor of 6716 and 2044?
292
What is the highest common divisor of 52 and 24?
4
What is the highest common divisor of 496 and 155?
31
What is the highest common divisor of 46513 and 193?
193
What is the greatest common factor of 377 and 13?
13
What is the highest common divisor of 217 and 56?
7
What is the greatest common divisor of 1071 and 595?
119
What is the highest common factor of 1302 and 3?
3
What is the greatest common divisor of 16 and 688?
16
What is the highest common factor of 784 and 24?
8
What is the greatest common factor of 920 and 1035?
115
Calculate the highest common divisor of 32 and 500.
4
What is the highest common factor of 188 and 4?
4
What is the greatest common factor of 480 and 24120?
120
Calculate the greatest common divisor of 49179 and 291.
291
Calculate the greatest common factor of 2924 and 340.
68
What is the highest common divisor of 627 and 247?
19
Calculate the highest common divisor of 996 and 54.
6
Calculate the highest common divisor of 1143 and 1016.
127
What is the greatest common factor of 20 and 550?
10
Calculate the greatest common divisor of 448 and 12736.
64
Calculate the greatest common factor of 2538 and 60.
6
What is the highest common factor of 7089 and 278?
139
What is the highest common divisor of 564 and 12?
12
What is the greatest common divisor of 858 and 66?
66
Calculate the highest common divisor of 90 and 10.
10
What is the greatest common factor of 315 and 15?
15
What is the highest common factor of 5820 and 420?
60
Calculate the highest common divisor of 64 and 1304.
8
Calculate the highest common factor of 119 and 21.
7
What is the highest common factor of 202 and 303?
101
Calculate the greatest common divisor of 63 and 6363.
63
What is the highest common divisor of 46 and 207?
23
Calculate the greatest common factor of 792 and 88.
88
Calculate the highest common divisor of 90 and 945.
45
Calculate the greatest common factor of 2691 and 13.
13
What is the greatest common factor of 11392 and 144?
16
What is the highest common divisor of 6601 and 2296?
287
Calculate the highest common factor of 285 and 1615.
95
What is the greatest common factor of 10248 and 840?
168
What is the highest common factor of 15 and 75?
15
What is the greatest common divisor of 40 and 160?
40
Calculate the highest common divisor of 525 and 660.
15
What is the highest common divisor of 232 and 2726?
58
What is the highest common divisor of 380 and 40?
20
Calculate the highest common divisor of 42 and 182.
14
Calculate the greatest common factor of 91 and 63.
7
What is the greatest common factor of 27 and 117?
9
What is the greatest common di